453?
3
What is the ten thousands digit of 1904741?
0
What is the tens digit of 371477?
7
What is the ten thousands digit of 168739?
6
What is the ten thousands digit of 82087?
8
What is the hundreds digit of 286942?
9
What is the ten thousands digit of 8984614?
8
What is the millions digit of 4436456?
4
What is the ten thousands digit of 148457?
4
What is the units digit of 5105117?
7
What is the hundred thousands digit of 570124?
5
What is the thousands digit of 369785?
9
What is the hundred thousands digit of 992413?
9
What is the units digit of 102048?
8
What is the ten thousands digit of 20983?
2
What is the thousands digit of 22118115?
8
What is the tens digit of 396428?
2
What is the ten thousands digit of 3303649?
0
What is the hundred thousands digit of 4324652?
3
What is the thousands digit of 10891175?
1
What is the hundreds digit of 1122987?
9
What is the units digit of 460577?
7
What is the tens digit of 285911?
1
What is the units digit of 824273?
3
What is the tens digit of 1014990?
9
What is the hundred thousands digit of 160383?
1
What is the thousands digit of 346056?
6
What is the units digit of 8959838?
8
What is the hundreds digit of 254724?
7
What is the ten thousands digit of 90691?
9
What is the ten thousands digit of 2599554?
9
What is the ten thousands digit of 61132?
6
What is the units digit of 879460?
0
What is the ten thousands digit of 1328174?
2
What is the hundred thousands digit of 1122164?
1
What is the hundred thousands digit of 175909?
1
What is the hundreds digit of 40667?
6
What is the thousands digit of 1384556?
4
What is the units digit of 206685?
5
What is the units digit of 9431580?
0
What is the ten millions digit of 18116376?
1
What is the tens digit of 1262302?
0
What is the units digit of 8064042?
2
What is the ten thousands digit of 23374?
2
What is the tens digit of 434218?
1
What is the hundreds digit of 4419699?
6
What is the ten thousands digit of 3415647?
1
What is the thousands digit of 82059?
2
What is the units digit of 439358?
8
What is the units digit of 239157?
7
What is the hundred thousands digit of 384818?
3
What is the thousands digit of 3322824?
2
What is the thousands digit of 5908158?
8
What is the hundreds digit of 413093?
0
What is the hundreds digit of 329536?
5
What is the thousands digit of 376183?
6
What is the hundred thousands digit of 5538427?
5
What is the ten thousands digit of 606087?
0
What is the hundreds digit of 3177073?
0
What is the hundred thousands digit of 19504296?
5
What is the millions digit of 1438766?
1
What is the ten thousands digit of 136636?
3
What is the hundreds digit of 228610?
6
What is the hundred thousands digit of 3147121?
1
What is the millions digit of 15559282?
5
What is the tens digit of 566514?
1
What is the millions digit of 3053267?
3
What is the ten thousands digit of 10047517?
4
What is the hundred thousands digit of 156301?
1
What is the hundred thousands digit of 951577?
9
What is the thousands digit of 5958959?
8
What is the hundreds digit of 16344523?
5
What is the tens digit of 517931?
3
What is the hundred thousands digit of 2091774?
0
What is the hundreds digit of 365369?
3
What is the units digit of 196515?
5
What is the thousands digit of 10588097?
8
What is the tens digit of 47441?
4
What is the ten thousands digit of 240573?
4
What is the ten thousands digit of 211070?
1
What is the hundreds digit of 84045?
0
What is the units digit of 1092106?
6
What is the thousands digit of 32379633?
9
What is the thousands digit of 2919820?
9
What is the millions digit of 13603646?
3
What is the units digit of 7103324?
4
What is the hundreds digit of 3104846?
8
What is the thousands digit of 1769200?
9
What is the tens digit of 6914907?
0
What is the ten thousands digit of 485847?
8
What is the hundreds digit of 2315714?
7
What is the thousands digit of 5514560?
4
What is the thousands digit of 374282?
4
What is the hundreds digit of 140011?
0
What is the thousands digit of 1537022?
7
What is the hundred thousands digit of 1741119?
7
What is the hundreds digit of 634351?
3
What is the ten thousands digit of 767181?
6
What is the hundreds digit of 1549131?
1
What is the ten thousands digit of 1500749?
0
What is the tens digit of 1258073?
7
What is the hundreds digit of 327636?
6
What is the hundred thousands digit of 31506870?
5
What is the thousands digit of 17641?
7
What is the ten thousands digit of 709558?
0
What is the tens digit of 216004?
0
What is the ten millions digit of 14392362?
1
What is the ten millions digit of 43580014?
4
What is the millions digit of 3282844?
3
What is the tens digit of 2682604?
0
What is the tens digit of 79278?
7
What is the millions digit of 5179313?
5
What is the ten thousands digit of 3881251?
8
What is the ten millions digit of 12067437?
1
What is the hundreds digit of 12959435?
4
What is the tens digit of 2545888?
8
What is the units digit of 458524?
4
What is the hundreds digit of 1663556?
5
What is the thousands digit of 627856?
7
What is the tens digit of 267222?
2
What is the hundreds digit of 318551?
5
What is the millions digit of 4039942?
4
What is the tens digit of 820522?
2
What is the ten thousands digit of 115013?
1
What is the hundred thousands digit of 326166?
3
What is the units digit of 13281724?
4
What is the ten thousands digit of 81524?
8
What is the units digit of 8625648?
8
What is the hundreds digit of 216273?
2
What is the thousands digit of 6326723?
6
What is the hundred thousands digit of 5911082?
9
What is the tens digit of 667777?
7
What is the units digit of 2431237?
7
What is the hundreds digit of 185808?
8
What is the hundreds digit of 859925?
9
What is the thousands digit of 10608475?
8
What is the millions digit of 1584042?
1
What is the ten millions digit of 19856359?
1
What is the tens digit of 813168?
6
What is the hundreds digit of 854165?
1
What is the hundreds digit of 11936109?
1
What is the hundred thousands digit of 1404408?
4
What is the hundred thousands digit of 511725?
5
What is the units digit of 59363?
3
What is the ten thousands digit of 491278?
9
What is the tens digit of 22671145?
4
What is the thousands digit of 5728365?
8
What is the hundred thousands digit of 2462059?
4
What is the units digit of 5941484?
4
What is the hundred thousands digit of 2138693?
1
What is the thousands digit of 541072?
1
What is the hundreds digit of 12623030?
0
What is the millions digit of 25824276?
5
What is the hundreds digit of 710553?
5
What is the hundred thousands digit of 216565?
2
What is the hundreds digit of 420702?
7
What is the ten thousands digit of 9604751?
0
What is the tens digit of 944875?
7
What is the thousands digit of 2011458?
1
What is the thousands digit of 150661?
0
What is the thousands digit of 4485378?
5
What is the hundred thousands digit of 30243438?
2
What is the hundreds digit of 5564757?
7
What is the thousands digit of 31457?
1
What is the hundreds digit of 3555671?
6
What is the ten thousands digit of 9061997?
6
What is the tens digit of 386976?
7
What is the units digit of 1399706?
6
What is the units digit of 1852703?
3
What is the hundreds digit of 92935?
9
What is the millions digit of 23295782?
3
What is the units digit of 65828?
8
What is the units digit of 23275939?
9
What is the tens digit of 93978?
7
What is the hundreds digit of 1382546?
5
What is the millions digit of 13704033?
3
What is the millions digit of 3248728?
3
What is the millions digit of 16565633?
6
What is the thousands digit of 842710?
2
What is the millions digit of 17564946?
7
What is the units digit of 8436265?
5
What is the tens digit of 1028197?
9
What is the hundred thousands digit of 721260?
7
What is the ten thousands digit of 694465?
9
What is the thousands digit of 16498977?
8
What is the ten thousands digit of 1240543?
4
What is the thousands digit of 76439?
6
What is the hundreds digit of 675839?
8
What is the thousands digit of 380424?
0
What is the tens digit of 353397?
9
What is the units digit of 692468?
8
What is the ten thousands digit of 2575848?
7
What is the millions digit of 40287214?
0
What is the thousands digit of 1163336?
3
What is the tens digit of 164749?
4
What is the tens digit of 1457182?
8
What is the tens digit of 22263909?